{"id":1183,"date":"2018-08-31T18:23:30","date_gmt":"2018-08-31T21:23:30","guid":{"rendered":"https:\/\/isfdc1-sgo.infd.edu.ar\/sitio\/historia\/"},"modified":"2020-03-30T14:29:17","modified_gmt":"2020-03-30T17:29:17","slug":"historia","status":"publish","type":"page","link":"https:\/\/isfdc1-sgo.infd.edu.ar\/sitio\/historia\/","title":{"rendered":"Historia"},"content":{"rendered":"<p class=\"Estilo\" style=\"text-align: center;\"><strong><span style=\"font-size: 12pt;\">Rese\u00f1a hist\u00f3rica<\/span><\/strong><\/p>\n<p class=\"Estilo\" style=\"text-align: center;\"><strong><span style=\"font-size: 12pt;\">I.S.F.D.C. N\u00b0 1 \u00abMons. Dr. Jorge Gottau\u201d<\/span><\/strong><\/p>\n<p class=\"Estilo\">\u00a0\u00a0\u00a0\u00a0\u00a0\u00a0\u00a0\u00a0\u00a0\u00a0\u00a0\u00a0\u00a0 Los Institutos Superiores de Formaci\u00f3n Docente nacen el 02\/10\/1970 con la Resoluci\u00f3n N\u00b0 2321\/790 del Ministerio de Educaci\u00f3n y Cultura de la Naci\u00f3n, por lo cual se crea la carrera de \u00abProfesor de Nivel Elemental\u00bb y se estructuran y organizan los Institutos Superiores de Formaci\u00f3n Docente en los 1 y 2 todo en funci\u00f3n del Decreto N\u00b0 46 del 17\/06\/70 sobre pol\u00edticas nacionales de educaci\u00f3n, dictado en base al acuerdo de IV Reuni\u00f3n Anual de Ministros de educaci\u00f3n de la Naci\u00f3n y de las Provincias realizada en Santa Fe en mayo del 70.<\/p>\n<p class=\"Estilo\">\u00a0\u00a0\u00a0\u00a0\u00a0\u00a0\u00a0\u00a0\u00a0\u00a0\u00a0\u00a0\u00a0\u00a0Estos Institutos Superiores de Formaci\u00f3n Docente se creaban a partir de las \u00abEscuelas Normales\u00bb, es decir, la formaci\u00f3n de Profesores para los niveles elementales, intermedios y medios pasa a tener lugar exclusivamente en el nivel elemental (dos a\u00f1os de duraci\u00f3n), en el intermedio (tres a\u00f1os) con especializaci\u00f3n en \u00e1reas y en el nivel medio, con especialidad por asignaturas (cuatro o cinco a\u00f1os) pero con asignaturas comunes que podr\u00edan acortar los tiempos.<\/p>\n<p class=\"Estilo\">\u00a0\u00a0\u00a0\u00a0\u00a0\u00a0\u00a0\u00a0\u00a0\u00a0\u00a0\u00a0\u00a0\u00a0 Por eso en nuestro caso particular, a partir de los cursos normales de la Escuela Normal Superior N\u00ba 2 Florentino Ameghino se creaba por Decreto Serie A N\u00ba 315\/71 el Instituto Superior de Formaci\u00f3n Docente N\u00ba 2, que comienza a funcionar a partir del 23\/08\/71 en el mismo edificio escolar en el horario nocturno; en s\u00edntesis, se fund\u00f3 por reconversi\u00f3n de la Escuela Normal N\u00ba 2. Tambi\u00e9n cabe aclarar que en los primeros tiempos funcionaban como Nivel Terciario de una sola Instituci\u00f3n educativa, as\u00ed el Ex Departamento de Aplicaci\u00f3n de la Escuela Normal N\u00ba 2 formaba el Nivel Elemental que se llam\u00f3 Centro Experimental, la Escuela Normal como Bachillerato con Orientaci\u00f3n Docente y Nivel Medio y el Instituto del Profesorado del Nivel Terciario, todo bajo la misma Rector\u00eda y Vice-Rector\u00eda; es decir, formaban una sola unidad educativa. A partir de la separaci\u00f3n de la administraci\u00f3n educativa provincial en niveles seg\u00fan nuestra Constituci\u00f3n Provincial, se produce el desmembramiento de esa unidad educativa y cada uno de los niveles pas\u00f3 a depender de su Direcci\u00f3n de Nivel a partir de 1988.<\/p>\n<p class=\"Estilo\">\u00a0\u00a0\u00a0\u00a0\u00a0\u00a0\u00a0\u00a0\u00a0\u00a0\u00a0\u00a0\u00a0\u00a0 Nunca se estableci\u00f3 oficialmente un nombre hasta 1995. Anteriormente y en algunas administraciones educativas se lo supo llamar Instituto Superior de Formaci\u00f3n Docente o Profesorado Elemental N\u00ba 2 \u00abFlorentino Ameghino\u00bb.<\/p>\n<p class=\"Estilo\">\u00a0\u00a0\u00a0\u00a0\u00a0\u00a0\u00a0\u00a0\u00a0\u00a0\u00a0\u00a0\u00a0\u00a0\u00a0 En 1981 se crea por Decreto Serie E N\u00ba 2634 de fecha 19\/05\/81 el Instituto Superior del Profesorado Provincial N\u00ba 4 con la carrera de Profesorado en Geograf\u00eda y Ciencias Biol\u00f3gicas (4 a\u00f1os) y bajo la misma rector\u00eda y en ese LS.P.P. N\u00ba 4 en 1990 se crea la carrera de Profesorado en Matem\u00e1tica, F\u00edsica y Cosmograf\u00eda (4 a\u00f1os) y en 1991 mediante Resoluci\u00f3n N\u00ba 376 se crea en el lFD N\u00ba 2 la carrera de Profesorado en Ense\u00f1anza Pre Escolar (2 a\u00f1os).<\/p>\n<p class=\"Estilo\">\u00a0\u00a0\u00a0\u00a0\u00a0\u00a0\u00a0\u00a0\u00a0\u00a0\u00a0\u00a0\u00a0\u00a0 En 1995 la Resoluci\u00f3n N\u00ba 311 fusiona ambos institutos en una sola instituci\u00f3n a partir del 30\/03\/95, con la denominaci\u00f3n de Instituto Superior de Formaci\u00f3n Docente Continua N\u00ba 1. Con la misma fecha y por Resoluci\u00f3n 312 se le asigna el nombre de \u00abMonse\u00f1or Dr. Jorge Gottau\u00bb en homenaje al primer Obispo de nuestra Di\u00f3cesis, reconocido luchador por la educaci\u00f3n.<\/p>\n<p class=\"Estilo\">\u00a0\u00a0\u00a0\u00a0\u00a0\u00a0\u00a0\u00a0\u00a0\u00a0\u00a0\u00a0\u00a0\u00a0\u00a0En el a\u00f1o 1998 se crean las carreras de Profesorados en Lengua y Literatura y en Historia, y en 2006 las Carreras de Profesorado en F\u00edsica y en Educaci\u00f3n Inicial. Posteriormente, como anexo al Instituto se crea la carrera de Profesorado de Educaci\u00f3n Secundaria en Biolog\u00eda (anexo Los Jur\u00edes). \u00a0En el a\u00f1o 2014 se crea la carrera de Profesorado en Educaci\u00f3n Primaria. Estas son las carreras forman parte de la propuesta educativa actual.<\/p>\n<p class=\"Estilo\">\u00a0\u00a0\u00a0\u00a0\u00a0\u00a0\u00a0\u00a0\u00a0\u00a0\u00a0\u00a0\u00a0\u00a0 La primera Rectora fue la Srta. Juana Zulema Eleias. Le sucedieron los Profesores Gladys Secco de Tiberi, Jorge Ra\u00fal P\u00e9rez, Mar\u00eda Delia del Carmen Sosa, Rosa In\u00e9s Escalada y actualmente, Daniel Llebeili.<\/p>\n<p class=\"Estilo\" style=\"text-align: right;\">A\u00f1atuya, 30 de marzo del 2020<\/p>\n","protected":false},"excerpt":{"rendered":"<p>Rese\u00f1a hist\u00f3rica I.S.F.D.C. N\u00b0 1 \u00abMons. Dr. Jorge Gottau\u201d \u00a0\u00a0\u00a0\u00a0\u00a0\u00a0\u00a0\u00a0\u00a0\u00a0\u00a0\u00a0\u00a0 Los Institutos Superiores de Formaci\u00f3n Docente nacen el 02\/10\/1970 con la Resoluci\u00f3n N\u00b0 2321\/790 del Ministerio de Educaci\u00f3n y Cultura de la Naci\u00f3n, por lo cual se crea la carrera de \u00abProfesor de Nivel Elemental\u00bb y se estructuran y organizan los Institutos Superiores de Formaci\u00f3n &#8230; <a title=\"Historia\" class=\"read-more\" href=\"https:\/\/isfdc1-sgo.infd.edu.ar\/sitio\/historia\/\" aria-label=\"More on Historia\">[+]<\/a><\/p>\n","protected":false},"author":9,"featured_media":0,"parent":0,"menu_order":0,"comment_status":"closed","ping_status":"closed","template":"","meta":[],"acf":[],"_links":{"self":[{"href":"https:\/\/isfdc1-sgo.infd.edu.ar\/sitio\/wp-json\/wp\/v2\/pages\/1183"}],"collection":[{"href":"https:\/\/isfdc1-sgo.infd.edu.ar\/sitio\/wp-json\/wp\/v2\/pages"}],"about":[{"href":"https:\/\/isfdc1-sgo.infd.edu.ar\/sitio\/wp-json\/wp\/v2\/types\/page"}],"author":[{"embeddable":true,"href":"https:\/\/isfdc1-sgo.infd.edu.ar\/sitio\/wp-json\/wp\/v2\/users\/9"}],"replies":[{"embeddable":true,"href":"https:\/\/isfdc1-sgo.infd.edu.ar\/sitio\/wp-json\/wp\/v2\/comments?post=1183"}],"version-history":[{"count":2,"href":"https:\/\/isfdc1-sgo.infd.edu.ar\/sitio\/wp-json\/wp\/v2\/pages\/1183\/revisions"}],"predecessor-version":[{"id":1336,"href":"https:\/\/isfdc1-sgo.infd.edu.ar\/sitio\/wp-json\/wp\/v2\/pages\/1183\/revisions\/1336"}],"wp:attachment":[{"href":"https:\/\/isfdc1-sgo.infd.edu.ar\/sitio\/wp-json\/wp\/v2\/media?parent=1183"}],"curies":[{"name":"wp","href":"https:\/\/api.w.org\/{rel}","templated":true}]}}