{"id":1281,"date":"2018-08-31T18:24:12","date_gmt":"2018-08-31T21:24:12","guid":{"rendered":"https:\/\/isfdc1-sgo.infd.edu.ar\/sitio\/estructura-curricular-7\/"},"modified":"2021-04-17T17:09:40","modified_gmt":"2021-04-17T20:09:40","slug":"estructura-curricular-7","status":"publish","type":"page","link":"https:\/\/isfdc1-sgo.infd.edu.ar\/sitio\/estructura-curricular-7\/","title":{"rendered":"Estructura Curricular"},"content":{"rendered":"<p><strong>ISFDC N\u00ba1 MONS. JORGE GOTTAU- A\u00d1ATUYA<\/strong><\/p>\n<p><strong>\u00a0<\/strong><\/p>\n<p><strong>ESTRUCTURA CURRICULAR PARA EL PROFESORADO DE EDUCACI\u00d3N SECUNDARIA EN LENGUA Y LITERATURA\u00a0\u00a0 <\/strong><\/p>\n<table style=\"width: 695px;\" border=\"0\" cellspacing=\"0\" cellpadding=\"0\">\n<tbody>\n<tr>\n<td colspan=\"6\" width=\"695\"><strong>PRIMER A\u00d1O (\u00a0 1024 horas c\u00e1tedras)<\/strong><\/td>\n<\/tr>\n<tr>\n<td rowspan=\"2\" width=\"147\"><strong>CAMPO<\/strong><\/td>\n<td rowspan=\"2\" width=\"227\"><strong>UNIDADES CURRICULARES<\/strong><\/td>\n<td rowspan=\"2\" width=\"85\"><strong>Tipo de unidad<\/strong><\/td>\n<td rowspan=\"2\" width=\"85\"><strong>R\u00e9gimen<\/strong><\/td>\n<td colspan=\"2\" width=\"151\"><strong>Horas<\/strong><\/td>\n<\/tr>\n<tr>\n<td width=\"76\"><strong>Semanal<\/strong><\/td>\n<td width=\"76\"><strong>Total<\/strong><\/td>\n<\/tr>\n<tr>\n<td rowspan=\"5\" width=\"147\"><strong>Formaci\u00f3n General<\/strong><\/p>\n<p><strong>(416 horas c\u00e1tedra)<\/strong><\/p>\n<p>&nbsp;<\/td>\n<td width=\"227\">Pedagog\u00eda<\/td>\n<td width=\"85\">Materia<\/td>\n<td width=\"85\">1\u00b0 C<\/td>\n<td width=\"76\">6<\/td>\n<td width=\"76\">96<\/td>\n<\/tr>\n<tr>\n<td width=\"227\">Psicolog\u00eda educacional<\/td>\n<td width=\"85\">Materia<\/td>\n<td width=\"85\">2\u00b0 C<\/td>\n<td width=\"76\">6<\/td>\n<td width=\"76\">96<\/td>\n<\/tr>\n<tr>\n<td width=\"227\">Alfabetizaci\u00f3n acad\u00e9mica<\/td>\n<td width=\"85\">Taller<\/td>\n<td width=\"85\">Anual<\/td>\n<td width=\"76\">3<\/td>\n<td width=\"76\">96<\/td>\n<\/tr>\n<tr>\n<td width=\"227\">Historia argentina y latinoamericana<\/td>\n<td width=\"85\">Materia<\/td>\n<td width=\"85\">1\u00b0 C<\/td>\n<td width=\"76\">4<\/td>\n<td width=\"76\">64<\/td>\n<\/tr>\n<tr>\n<td width=\"227\">Historia de la educaci\u00f3n y pol\u00edtica educacional argentina<\/td>\n<td width=\"85\">Materia<\/td>\n<td width=\"85\">2\u00b0 C<\/td>\n<td width=\"76\">4<\/td>\n<td width=\"76\">64<\/td>\n<\/tr>\n<tr>\n<td width=\"147\"><strong>Formaci\u00f3n en la Pr\u00e1ctica Profesional <\/strong><\/p>\n<p><strong>(128 horas c\u00e1tedra)<\/strong><\/p>\n<p>&nbsp;<\/td>\n<td width=\"227\">Pr\u00e1ctica I<\/p>\n<p>La instituci\u00f3n educativa: aproximaciones desde un enfoque investigativo<\/td>\n<td width=\"85\">Seminario- Taller<\/td>\n<td width=\"85\">Anual<\/td>\n<td width=\"76\">4<\/td>\n<td width=\"76\">128<\/td>\n<\/tr>\n<tr>\n<td rowspan=\"5\" width=\"147\"><strong>Formaci\u00f3n Espec\u00edfica<\/strong><\/p>\n<p><strong>(480 horas c\u00e1tedra)<\/strong><\/p>\n<p><strong>\u00a0<\/strong><\/td>\n<td width=\"227\">Introducci\u00f3n a los estudios ling\u00fc\u00edsticos<\/td>\n<td width=\"85\">Materia<\/td>\n<td width=\"85\">Anual<\/td>\n<td width=\"76\">4<\/td>\n<td width=\"76\">128<\/td>\n<\/tr>\n<tr>\n<td width=\"227\">Introducci\u00f3n a los estudios literarios<\/td>\n<td width=\"85\">Materia<\/td>\n<td width=\"85\">Anual<\/td>\n<td width=\"76\">4<\/td>\n<td width=\"76\">128<\/td>\n<\/tr>\n<tr>\n<td width=\"227\">Gram\u00e1tica I<\/td>\n<td width=\"85\">Materia<\/td>\n<td width=\"85\">Anual<\/td>\n<td width=\"76\">4<\/td>\n<td width=\"76\">128<\/td>\n<\/tr>\n<tr>\n<td width=\"227\">Taller de lectura y oralidad<\/td>\n<td valign=\"top\" width=\"85\">Taller<\/td>\n<td width=\"85\">1\u00ba C<\/td>\n<td width=\"76\">3<\/td>\n<td width=\"76\">48<\/td>\n<\/tr>\n<tr>\n<td width=\"227\">Taller de escritura de invenci\u00f3n<\/td>\n<td valign=\"top\" width=\"85\">Taller<\/td>\n<td width=\"85\">2\u00ba C<\/td>\n<td width=\"76\">3<\/td>\n<td width=\"76\">48<\/td>\n<\/tr>\n<\/tbody>\n<\/table>\n<p><strong>\u00a0<\/strong><\/p>\n<table style=\"width: 684px;\" border=\"0\" cellspacing=\"0\" cellpadding=\"0\">\n<tbody>\n<tr>\n<td colspan=\"6\" width=\"684\"><strong>SEGUNDO A\u00d1O (<\/strong><strong>1088<\/strong><strong> horas c\u00e1tedra)\u00a0 <\/strong><\/td>\n<\/tr>\n<tr>\n<td rowspan=\"2\" width=\"145\"><strong>CAMPO<\/strong><\/td>\n<td rowspan=\"2\" width=\"255\"><strong>UNIDADES CURRICULARES<\/strong><\/td>\n<td rowspan=\"2\" width=\"66\"><strong>Tipo de unidad<\/strong><\/td>\n<td rowspan=\"2\" width=\"76\"><strong>R\u00e9gimen<\/strong><\/td>\n<td colspan=\"2\" width=\"142\"><strong>Horas<\/strong><\/td>\n<\/tr>\n<tr>\n<td width=\"76\"><strong>Semanal<\/strong><\/td>\n<td width=\"66\"><strong>Total<\/strong><\/td>\n<\/tr>\n<tr>\n<td rowspan=\"3\" width=\"145\"><strong>Formaci\u00f3n General<\/strong><\/p>\n<p><strong>(256 horas c\u00e1tedra)<\/strong><\/p>\n<p>&nbsp;<\/td>\n<td width=\"255\">Did\u00e1ctica General<\/td>\n<td width=\"66\">Materia<\/td>\n<td width=\"76\">Anual<\/td>\n<td width=\"76\">4<\/td>\n<td width=\"66\">128<\/td>\n<\/tr>\n<tr>\n<td width=\"255\">Sociolog\u00eda de la Educaci\u00f3n<\/td>\n<td width=\"66\">Materia<\/td>\n<td width=\"76\">1\u00b0 C<\/td>\n<td width=\"76\">4<\/td>\n<td width=\"66\">\u00a064<\/td>\n<\/tr>\n<tr>\n<td width=\"255\">Tecnolog\u00eda de la informaci\u00f3n y la comunicaci\u00f3n<\/td>\n<td width=\"66\">Seminario &#8211; Taller<\/td>\n<td width=\"76\">2\u00b0 C<\/td>\n<td width=\"76\">4<\/td>\n<td width=\"66\">64<\/td>\n<\/tr>\n<tr>\n<td width=\"145\"><strong>Formaci\u00f3n en la Pr\u00e1ctica Profesional <\/strong><\/p>\n<p><strong>(128 <\/strong><strong>horas c\u00e1tedra<\/strong><strong>)<\/strong><\/p>\n<p><strong>\u00a0<\/strong><\/td>\n<td width=\"255\">Pr\u00e1ctica II<\/p>\n<p>Curr\u00edculum,\u00a0 sujetos y contextos: Aproximaciones desde un enfoque investigativo<\/td>\n<td width=\"66\">Seminario-Taller<\/td>\n<td width=\"76\">Anual<\/td>\n<td width=\"76\">4<\/td>\n<td width=\"66\">128<\/td>\n<\/tr>\n<tr>\n<td rowspan=\"6\" width=\"145\"><strong>Formaci\u00f3n Espec\u00edfica<\/strong><\/p>\n<p><strong>(608 horas c\u00e1tedra)<\/strong><\/p>\n<p><strong>\u00a0<\/strong><\/td>\n<td width=\"255\">Sujeto de la educaci\u00f3n<\/td>\n<td width=\"66\">Materia<\/td>\n<td width=\"76\">Anual<\/td>\n<td width=\"76\">4<\/td>\n<td width=\"66\">128<\/td>\n<\/tr>\n<tr>\n<td width=\"255\">Literatura cl\u00e1sica y su ense\u00f1anza<\/td>\n<td width=\"66\">Seminario &#8211; Taller<\/td>\n<td width=\"76\">1\u00ba C<\/td>\n<td width=\"76\">5<\/td>\n<td width=\"66\">80<\/td>\n<\/tr>\n<tr>\n<td width=\"255\">Gram\u00e1tica II<\/td>\n<td width=\"66\">Materia<\/td>\n<td width=\"76\">2\u00b0 C<\/td>\n<td width=\"76\">5<\/td>\n<td width=\"66\">\u00a080<\/td>\n<\/tr>\n<tr>\n<td width=\"255\">Ling\u00fc\u00edstica textual y an\u00e1lisis del discurso<\/td>\n<td width=\"66\">Materia<\/td>\n<td width=\"76\">Anual<\/td>\n<td width=\"76\">4<\/td>\n<td width=\"66\">128<\/td>\n<\/tr>\n<tr>\n<td width=\"255\">Teor\u00eda y cr\u00edtica literaria<\/td>\n<td width=\"66\">Materia<\/td>\n<td width=\"76\">Anual<\/td>\n<td width=\"76\">4<\/td>\n<td width=\"66\">128<\/td>\n<\/tr>\n<tr>\n<td width=\"255\">Medios audiovisuales, TIC y educaci\u00f3n ling\u00fc\u00edstica y literaria<\/td>\n<td width=\"66\">Seminario<\/td>\n<td width=\"76\">1\u00b0 C<\/td>\n<td width=\"76\">4<\/td>\n<td width=\"66\">\u00a064<\/td>\n<\/tr>\n<tr>\n<td width=\"145\"><strong>Definici\u00f3n Institucional\u00a0 <\/strong><\/p>\n<p><strong>(96 horas c\u00e1tedra)<\/strong><\/p>\n<p>&nbsp;<\/td>\n<td width=\"255\">Literatura comparada<\/td>\n<td width=\"66\">Cuatrimestral<\/td>\n<td width=\"76\">2\u00b0 C<\/td>\n<td width=\"76\">6<\/td>\n<td width=\"66\">96<\/td>\n<\/tr>\n<\/tbody>\n<\/table>\n<p>&nbsp;<\/p>\n<table style=\"width: 684px;\" border=\"0\" cellspacing=\"0\" cellpadding=\"0\">\n<tbody>\n<tr>\n<td colspan=\"6\" width=\"684\"><strong>TERCER A\u00d1O (<\/strong><strong>1152 <\/strong><strong>horas c\u00e1tedra) <\/strong><\/td>\n<\/tr>\n<tr>\n<td rowspan=\"2\" width=\"147\"><strong>CAMPO<\/strong><\/td>\n<td rowspan=\"2\" width=\"253\"><strong>UNIDADES CURRICULARES<\/strong><\/td>\n<td rowspan=\"2\" width=\"76\"><strong>Tipo de unidad<\/strong><\/td>\n<td rowspan=\"2\" width=\"76\"><strong>R\u00e9gimen<\/strong><\/td>\n<td colspan=\"2\" width=\"132\"><strong>Horas<\/strong><\/td>\n<\/tr>\n<tr>\n<td width=\"66\"><strong>Semanal<\/strong><\/td>\n<td width=\"66\"><strong>Total<\/strong><\/td>\n<\/tr>\n<tr>\n<td rowspan=\"2\" width=\"147\"><strong>Formaci\u00f3n General <\/strong><\/p>\n<p><strong>(128 horas c\u00e1tedra)<\/strong><\/p>\n<p>&nbsp;<\/td>\n<td width=\"253\">Filosof\u00eda<\/td>\n<td width=\"76\">Materia<\/td>\n<td width=\"76\">1\u00b0 C<\/td>\n<td width=\"66\">4<\/td>\n<td width=\"66\">\u00a064<\/td>\n<\/tr>\n<tr>\n<td width=\"253\">Integraci\u00f3n e inclusi\u00f3n educativa<\/td>\n<td width=\"76\">Seminario-Taller<\/td>\n<td width=\"76\">2\u00b0 C<\/td>\n<td width=\"66\">4<\/td>\n<td width=\"66\">\u00a064<\/td>\n<\/tr>\n<tr>\n<td width=\"147\"><strong>Formaci\u00f3n en la Pr\u00e1ctica Profesional <\/strong><\/p>\n<p><strong>(192 horas c\u00e1tedra)<\/strong><\/p>\n<p>&nbsp;<\/td>\n<td width=\"253\">Pr\u00e1ctica III:<\/p>\n<p>Programaci\u00f3n\u00a0 did\u00e1ctica y gesti\u00f3n de micro-experiencias de ense\u00f1anza<\/td>\n<td width=\"76\">Taller de acci\u00f3n-reflexi\u00f3n<\/td>\n<td width=\"76\">Anual<\/td>\n<td width=\"66\">6<\/td>\n<td width=\"66\">192<\/td>\n<\/tr>\n<tr>\n<td rowspan=\"6\" width=\"147\"><strong>Formaci\u00f3n Espec\u00edfica<\/strong><\/p>\n<p><strong>(672 horas c\u00e1tedra)<\/strong><\/p>\n<p>&nbsp;<\/td>\n<td width=\"253\">Did\u00e1ctica de la lengua y la literatura<\/td>\n<td width=\"76\">Materia<\/td>\n<td width=\"76\">Anual<\/td>\n<td width=\"66\">5<\/td>\n<td width=\"66\">160<\/td>\n<\/tr>\n<tr>\n<td width=\"253\">Socioling\u00fc\u00edstica y pragm\u00e1tica<\/td>\n<td width=\"76\">Materia<\/td>\n<td width=\"76\">Anual<\/td>\n<td width=\"66\">3<\/td>\n<td width=\"66\">96<\/td>\n<\/tr>\n<tr>\n<td width=\"253\">Historia de la lengua<\/td>\n<td width=\"76\">Materia<\/td>\n<td width=\"76\">1\u00b0 C<\/td>\n<td width=\"66\">4<\/td>\n<td width=\"66\">64<\/td>\n<\/tr>\n<tr>\n<td width=\"253\">Literatura argentina y latinoamericana y su ense\u00f1anza I<\/td>\n<td width=\"76\">\u00a0Materia<\/td>\n<td width=\"76\">Anual<\/td>\n<td width=\"66\">4<\/td>\n<td width=\"66\">64<\/td>\n<\/tr>\n<tr>\n<td width=\"253\">Literatura espa\u00f1ola y su ense\u00f1anza<\/td>\n<td width=\"76\">Seminario-Taller<\/td>\n<td width=\"76\">Anual<\/td>\n<td width=\"66\">3<\/td>\n<td width=\"66\">96<\/td>\n<\/tr>\n<tr>\n<td width=\"253\">Literatura infantil y juvenil y su ense\u00f1anza<\/td>\n<td width=\"76\">Seminario -Taller<\/td>\n<td width=\"76\">2\u00b0 C<\/td>\n<td width=\"66\">4<\/td>\n<td width=\"66\">\u00a064<\/td>\n<\/tr>\n<tr>\n<td rowspan=\"2\" width=\"147\"><strong>Definici\u00f3n Institucional\u00a0\u00a0\u00a0\u00a0\u00a0\u00a0\u00a0 (160 horas c\u00e1tedra)<\/strong><\/p>\n<p><strong>\u00a0<\/strong><\/td>\n<td width=\"253\">Literatura y cine<\/td>\n<td width=\"76\"><\/td>\n<td width=\"76\">1\u00ba C<\/td>\n<td width=\"66\">5<\/td>\n<td width=\"66\">80<\/td>\n<\/tr>\n<tr>\n<td width=\"253\">Literatura extranjera<\/td>\n<td width=\"76\"><\/td>\n<td width=\"76\">2\u00ba C<\/td>\n<td width=\"66\">5<\/td>\n<td width=\"66\">80<\/td>\n<\/tr>\n<\/tbody>\n<\/table>\n<p>&nbsp;<\/p>\n<table style=\"width: 675px;\" border=\"0\" cellspacing=\"0\" cellpadding=\"0\">\n<tbody>\n<tr>\n<td colspan=\"6\" width=\"675\"><strong>CUARTO A\u00d1O (<\/strong><strong>1120<\/strong><strong> horas c\u00e1tedra)<\/strong><\/td>\n<\/tr>\n<tr>\n<td width=\"155\"><strong>CAMPO<\/strong><\/td>\n<td width=\"274\"><strong>UNIDADES CURRICULARES<\/strong><\/td>\n<td width=\"85\"><strong>Tipo de unidad<\/strong><\/td>\n<td width=\"76\"><strong>R\u00e9gimen<\/strong><\/td>\n<td colspan=\"2\" width=\"85\"><strong>Horas<\/strong><\/td>\n<\/tr>\n<tr>\n<td rowspan=\"2\" width=\"155\"><strong>Formaci\u00f3n General\u00a0\u00a0\u00a0\u00a0\u00a0\u00a0\u00a0\u00a0\u00a0\u00a0\u00a0\u00a0\u00a0\u00a0 (112 horas c\u00e1tedra)<\/strong><\/p>\n<p>&nbsp;<\/td>\n<td width=\"274\">Formaci\u00f3n \u00e9tica y ciudadana<\/td>\n<td width=\"85\">Materia<\/td>\n<td width=\"76\">2\u00b0 C<\/td>\n<td width=\"38\">4<\/td>\n<td width=\"47\">64<\/td>\n<\/tr>\n<tr>\n<td width=\"274\">Educaci\u00f3n sexual\u00a0 integral<\/td>\n<td width=\"85\">Seminario-Taller<\/td>\n<td width=\"76\">1\u00b0 C<\/td>\n<td width=\"38\">3<\/td>\n<td width=\"47\">48<\/td>\n<\/tr>\n<tr>\n<td width=\"155\"><strong>Formaci\u00f3n en la Pr\u00e1ctica Profesional\u00a0\u00a0\u00a0\u00a0\u00a0 <\/strong><\/p>\n<p><strong>(384 horas c\u00e1tedra)<\/strong><\/p>\n<p>&nbsp;<\/td>\n<td width=\"274\">Residencia y sistematizaci\u00f3n de experiencias: dise\u00f1o, ense\u00f1anza y evaluaci\u00f3n.<\/p>\n<p>&nbsp;<\/td>\n<td width=\"85\">Taller<\/td>\n<td width=\"76\">Anual<\/td>\n<td width=\"38\">12<\/td>\n<td width=\"47\">384<\/td>\n<\/tr>\n<tr>\n<td rowspan=\"3\" width=\"155\"><strong>Formaci\u00f3n Espec\u00edfica <\/strong><\/p>\n<p><strong>(400 horas c\u00e1tedra)<\/strong><\/p>\n<p>&nbsp;<\/td>\n<td width=\"274\">Psicoling\u00fc\u00edstica<\/td>\n<td width=\"85\">Materia<\/td>\n<td width=\"76\">2\u00ba C<\/td>\n<td width=\"38\">3<\/td>\n<td width=\"47\">48<\/td>\n<\/tr>\n<tr>\n<td width=\"274\">Alfabetizaci\u00f3n inicial<\/td>\n<td width=\"85\">Seminario-Taller<\/td>\n<td width=\"76\">1\u00ba C<\/td>\n<td width=\"38\">4<\/td>\n<td width=\"47\">64<\/td>\n<\/tr>\n<tr>\n<td width=\"274\">Literatura regional y su ense\u00f1anza<\/td>\n<td width=\"85\">Seminario-Taller<\/td>\n<td width=\"76\">1\u00ba C<\/td>\n<td width=\"38\">4<\/td>\n<td width=\"47\">64<\/td>\n<\/tr>\n<tr>\n<td width=\"155\"><\/td>\n<td width=\"274\">Literatura argentina y latinoamericana y su ense\u00f1anza II<\/td>\n<td width=\"85\">Seminario-Taller<\/td>\n<td width=\"76\">Anual<\/td>\n<td width=\"38\">4<\/td>\n<td width=\"47\">128<\/td>\n<\/tr>\n<tr>\n<td width=\"155\"><\/td>\n<td width=\"274\">Problemas de la ense\u00f1anza de la lengua y la literatura<\/td>\n<td width=\"85\">Seminario<\/td>\n<td width=\"76\">Anual<\/td>\n<td width=\"38\">3<\/td>\n<td width=\"47\">96<\/td>\n<\/tr>\n<tr>\n<td rowspan=\"3\" width=\"155\"><strong>Definici\u00f3n Institucional<\/strong><\/p>\n<p><strong>(224 horas c\u00e1tedra)<\/strong><\/td>\n<td width=\"274\">Semi\u00f3tica<\/td>\n<td width=\"85\"><\/td>\n<td width=\"76\">2\u00ba C<\/td>\n<td width=\"38\">4<\/td>\n<td width=\"47\">64<\/td>\n<\/tr>\n<tr>\n<td width=\"274\">Escritura profesional<\/td>\n<td width=\"85\"><\/td>\n<td width=\"76\">1\u00ba C<\/td>\n<td width=\"38\">5<\/td>\n<td width=\"47\">80<\/td>\n<\/tr>\n<tr>\n<td width=\"274\">Entornos digitales<\/td>\n<td width=\"85\"><\/td>\n<td width=\"76\">2\u00ba C<\/td>\n<td width=\"38\">5<\/td>\n<td width=\"47\">80<\/td>\n<\/tr>\n<\/tbody>\n<\/table>\n<p>&nbsp;<\/p>\n<p>&nbsp;<\/p>\n","protected":false},"excerpt":{"rendered":"<p>ISFDC N\u00ba1 MONS. JORGE GOTTAU- A\u00d1ATUYA \u00a0 ESTRUCTURA CURRICULAR PARA EL PROFESORADO DE EDUCACI\u00d3N SECUNDARIA EN LENGUA Y LITERATURA\u00a0\u00a0 PRIMER A\u00d1O (\u00a0 1024 horas c\u00e1tedras) CAMPO UNIDADES CURRICULARES Tipo de unidad R\u00e9gimen Horas Semanal Total Formaci\u00f3n General (416 horas c\u00e1tedra) &nbsp; Pedagog\u00eda Materia 1\u00b0 C 6 96 Psicolog\u00eda educacional Materia 2\u00b0 C 6 96 Alfabetizaci\u00f3n &#8230; <a title=\"Estructura Curricular\" class=\"read-more\" href=\"https:\/\/isfdc1-sgo.infd.edu.ar\/sitio\/estructura-curricular-7\/\" aria-label=\"More on Estructura Curricular\">[+]<\/a><\/p>\n","protected":false},"author":9,"featured_media":0,"parent":0,"menu_order":0,"comment_status":"closed","ping_status":"closed","template":"","meta":[],"acf":[],"_links":{"self":[{"href":"https:\/\/isfdc1-sgo.infd.edu.ar\/sitio\/wp-json\/wp\/v2\/pages\/1281"}],"collection":[{"href":"https:\/\/isfdc1-sgo.infd.edu.ar\/sitio\/wp-json\/wp\/v2\/pages"}],"about":[{"href":"https:\/\/isfdc1-sgo.infd.edu.ar\/sitio\/wp-json\/wp\/v2\/types\/page"}],"author":[{"embeddable":true,"href":"https:\/\/isfdc1-sgo.infd.edu.ar\/sitio\/wp-json\/wp\/v2\/users\/9"}],"replies":[{"embeddable":true,"href":"https:\/\/isfdc1-sgo.infd.edu.ar\/sitio\/wp-json\/wp\/v2\/comments?post=1281"}],"version-history":[{"count":4,"href":"https:\/\/isfdc1-sgo.infd.edu.ar\/sitio\/wp-json\/wp\/v2\/pages\/1281\/revisions"}],"predecessor-version":[{"id":1402,"href":"https:\/\/isfdc1-sgo.infd.edu.ar\/sitio\/wp-json\/wp\/v2\/pages\/1281\/revisions\/1402"}],"wp:attachment":[{"href":"https:\/\/isfdc1-sgo.infd.edu.ar\/sitio\/wp-json\/wp\/v2\/media?parent=1281"}],"curies":[{"name":"wp","href":"https:\/\/api.w.org\/{rel}","templated":true}]}}